ivative of -a**5/10 + a**4/2 + a**3/2 - 5*a**2 - 19*a. What are the prime factors of m(-3)?
89
Suppose 82866 = 62*k - 48*k. What are the prime factors of k?
3, 1973
Let v = -12 + 12. Suppose m - 23 = -v*m. Let y = m + -8. What are the prime factors of y?
3, 5
Suppose -3 - 12 = -3*u, -5*j = 3*u - 35. Let m = -4 - j. What are the prime factors of (-183)/(-21) - m/28?
3
Let g = 18 + -13. Suppose -g*p + 1281 = 4*t, t - 633 = -t - p. Suppose -t + 19 = -5*h. What are the prime factors of h?
59
Let z(i) = 1 - 8*i**3 + i - 5*i + 5*i - 3*i + 2*i**2. Let b be z(1). Let o = b - -11. List the prime factors of o.
2
Let a = -19 + 25. Let n(k) = 3*k**2 - 13*k + 3. List the prime factors of n(a).
3, 11
Suppose 3 = -2*t + p, 3 = -4*t + p - 0. Suppose -3*u + 9 = 2*k - 34, -2*u - 3*k + 37 = t. What are the prime factors of u?
11
Suppose -5 = 3*g + 1. Let k be (18/(-63) - (-87)/84)*-4. What are the prime factors of (-1 - g)/(k/(-237))?
79
Let s be (2/4)/(4/5704). Suppose 0 = 6*w - s + 143. List the prime factors of w.
5, 19
Let w(u) = -243*u - 84. List the prime factors of w(-7).
3, 7, 11
Let l(f) = -f**2 + 7*f - 1. Suppose -6*j = -j - 30. Let g be l(j). Suppose g*p = -0*p + 110. What are the prime factors of p?
2, 11
Let o = 98 + -99. List the prime factors of 76 + o + -3 + 0.
2, 3
Let q(r) = 60*r + 9. Let d be q(4). Let a = d + -178. What are the prime factors of a?
71
Suppose 29*y - 26*y = 525. Suppose 0 = 4*p + y - 971. What are the prime factors of p?
199
Let u(p) = 2*p**2 - 23*p + 12. Let l be u(12). List the prime factors of (-776)/l*-3*1.
97
Let y be (-130)/4*36/15. Let n = y - -121. List the prime factors of n.
43
Let y = -5700 - -9715. What are the prime factors of y?
5, 11, 73
Suppose -s = 3, 10*s = 4*t + 5*s - 1075. List the prime factors of t.
5, 53
Suppose 0 = 3*d, -w - 2*d + 986 = w. List the prime factors of w.
17, 29
Let d = 203 + 716. List the prime factors of d.
919
Let m be (-2)/(-4) - 57/(-6). Let a = m - 28. Let j = -15 - a. List the prime factors of j.
3
Let s(y) = y**2 - 11*y + 21. What are the prime factors of s(-14)?
7, 53
Suppose -5*d + b - 52 = 71, 5*b = 15. Let o = 23 + d. What are the prime factors of 62 + o/(2/(-2))?
3, 7
What are the prime factors of (7/((-28)/(-16)))/(1/44)?
2, 11
List the prime factors of 500 + -5*(-30)/(-25).
2, 13, 19
Let r(k) = -k**2 + k - 9. Let f be r(4). Let t = -1 - f. Suppose -4*u = -16 - t. What are the prime factors of u?
3
Let u(y) = -10*y**3 + 5*y**2 + y + 91. List the prime factors of u(-6).
5, 97
Suppose -10*r + 7969 + 10621 = 0. List the prime factors of r.
11, 13
Let r be 60/(-9) + (-2)/6. Let d = r + 121. What are the prime factors of d?
2, 3, 19
Let i be 5/10 - (-141)/6. Let l = i + 133. List the prime factors of l.
157
Let r(o) = -o**3 + 18*o**2 + 21*o + 4. Let d be (-7 - -9)/(4/38). Let j be r(d). What are the prime factors of 870/j - (-2)/7?
3, 7
Let r(l) be the third derivative of -l**5/30 + 37*l**3/6 - 8*l**2. Let u be r(0). Suppose -p - 2*p + 135 = 5*a, p = a + u. What are the prime factors of p?
2, 5
Let j(c) = -11*c - 29. Let i(t) = 5*t + 15. Let l(n) = 5*i(n) + 3*j(n). List the prime factors of l(-5).
2, 7
Let w = -21 - -65. What are the prime factors of w*(0 + 2) - 1?
3, 29
Let v = -2449 + 4483. What are the prime factors of v?
2, 3, 113
Let c = 2725 + -1996. List the prime factors of c.
3
Let z(s) = s**2 + 5*s - 54. List the prime factors of z(-27).
2, 3, 5
Let b = 79 + -73. Suppose b*h - 156 = -0*h. What are the prime factors of h?
2, 13
Suppose 5*t - w - 355 = 0, -308 = -0*t - 4*t - 4*w. Let u = t + -33. List the prime factors of u.
3, 13
Suppose -y + 2*g + 425 = -207, -y - g = -620. What are the prime factors of y?
2, 3, 13
Let t = -268 + 676. What are the prime factors of t?
2, 3, 17
Let s be (-6)/4 - 345/(-30). Let l be s + 3 + (-1 - 1). Let z = l - -7. List the prime factors of z.
2, 3
Let v = 8 - 2. List the prime factors of -1*v*(0 + -4).
2, 3
Let s(f) = 5*f**2 + 6*f**2 + 0*f**2 - 238*f**3 + 1 + 2*f - 9*f**2. List the prime factors of s(-1).
239
Let v(z) = -2*z - 2 - 9*z**3 + 5*z**3 + z**2 + 0. What are the prime factors of v(-2)?
2, 19
Let f(z) be the third derivative of -5*z**4/24 - 8*z**3/3 - 5*z**2. List the prime factors of f(-11).
3, 13
Let k = 35 + -33. Suppose -7*u = k*u - 972. List the prime factors of u.
2, 3
Suppose 5*d + 765 = -2*a, 244 = -a - 3*d - 138. Let n = -265 - a. List the prime factors of n.
2, 3, 5
Suppose -100 = -3*a + 2*a. Let d = -10 + a. List the prime factors of d.
2, 3, 5
Suppose 0 = 2*n - 4, 4*h - 3*h - 1185 = -2*n. List the prime factors of h.
1181
Suppose -36 = -w + 5*w. What are the prime factors of (-23 - -14)*(w + 0)?
3
Let o(n) be the first derivative of 13*n**2/2 - 3*n + 3. Let v be o(-1). List the prime factors of (-810)/v - 3/(-8).
3, 17
Let x(v) = 7*v**3 - 3*v**2 - 9*v + 16. What are the prime factors of x(4)?
2, 5, 19
Suppose -b = b. Suppose b = -3*d - 4*x + 217, -4*d = -x - 48 - 235. What are the prime factors of d?
71
Suppose -9657 = -13*a + 3382. What are the prime factors of a?
17, 59
Suppose -3*d = -9*d + 2*d. Let w = 13 - -12. Suppose 3*p = d, 3*i - 2*i - 2*p - w = 0. What are the prime factors of i?
5
Let s be 24/9 + 1/3. Let j be -8 + (1 - (s - 4)). List the prime factors of (2 - 53)*4/j.
2, 17
Let q(j) = -66*j. List the prime factors of q(-4).
2, 3, 11
Let i = 2401 + -1679. List the prime factors of i.
2, 19
Suppose -1 + 31 = -5*p. Let d(f) = f**2 + 7*f + 8. Let y be d(p). Suppose -4*a - l + 93 = 0, -y*l = -3*a + 7*a - 98. What are the prime factors of a?
2, 11
Let r(k) = -16*k + 2. List the prime factors of r(-10).
2, 3
Let c be (-2)/(-3) - ((-30084)/18 - 2). Suppose -130*m - c = -136*m. List the prime factors of m.
3, 31
Suppose 5*w - 4*m = 15640, -5*m + 63 = 38. What are the prime factors of w?
2, 3, 29
Suppose 0 = 3*s + 5*q - q + 14, 0 = -2*s + 4*q + 24. Suppose -13 = -3*z + s*z. Suppose z = -2*l + 39. What are the prime factors of l?
13
Let i = -23 + 26. Suppose 0*w - 3*w = -99. Suppose 0 = -6*g + i*g + w. What are the prime factors of g?
11
Let i = 10 - 6. Let z(y) = y**2 + 2*y - 5. Let o be z(5). Suppose i*q - o - 40 = -2*g, 60 = 3*q - g. What are the prime factors of q?
19
Let q(g) = -g**2 - 9*g + 5. Let a be q(-9). Let p be 15 + (a - 3 - 2). Suppose p + 8 = j. List the prime factors of j.
23
Let q(o) = -9*o**3 + 8*o**2 + 13*o + 5. What are the prime factors of q(-6)?
17, 127
What are the prime factors of (5 + 0 - 3 - 1)*917?
7, 131
Suppose -14*f + 8*f + 3522 = 0. What are the prime factors of f?
587
Let z(f) = 120*f**2 - f + 1. Let p be z(1). Suppose 5*d + 15 = p. What are the prime factors of 212/7 + (-6)/d?
2, 3, 5
Let v(c) = -2*c**3 - 3*c**2 - 3*c - 1. Let s = 11 - 13. Let k be v(s). Let g(z) = z**2 - 6*z - 4. What are the prime factors of g(k)?
23
Let l be (-2)/11 + 4200/110. Suppose -14 - l = -4*q. What are the prime factors of q?
13
Let c = -1892 - -3274. List the prime factors of c.
2, 691
Suppose -5*u - 3737 - 5945 = -4*l, 3*l - 4*u = 7261. List the prime factors of l.
2423
Let m(w) = 3*w**3 + w**2 - 4*w - 3. Let j(i) = 3*i**3 + 2*i**2 - 5*i - 4. Let c(d) = -3*j(d) + 2*m(d). What are the prime factors of c(-5)?
2, 3, 41
Suppose 0 = -1715*d + 1720*d - 2735. List the prime factors of d.
547
Suppose -b + 657 = -692. What are the prime factors of b?
19, 71
Let l(q) = q**3 + 5*q**2 + 3*q + 3. Let v be (3/(-2))/(1/2). Let x be l(v). List the prime factors of (114/9)/(8/x).
19
What are the prime factors of (-478 + -2)*(-33)/22?
2, 3, 5
Let o(k) = 10*k**2 + 18*k - 52. What are the prime factors of o(-13)?
2, 3, 13
Suppose g - 2*d = -0*d + 18, 5*d = 2*g - 37. Suppose -12*q + g*q - 312 = 0. List the prime factors of q.
2, 3, 13
Let g = -15 + 25. What are the prime factors of ((-8)/g)/((-4)/120)?
2, 3
Let j(g) be the third derivative of 3*g**4/8 + 3*g**3 + 8*g**2. What are the prime factors of j(6)?
2, 3
Let d(t) = 5*t**3 + 2*t**2 + t - 5. Let h(r) = -r**3 + 1. Let a(k) = -d(k) - 6*h(k). Let y be a(3). Suppose -47 - 78 = -y*n. What are the prime factors of n?
5
Let h(d) = 2*d**2 + 33*d + 101. Let l(v) = -3*v**2 - 49*v - 151. Let s(k) = -8*h(k) - 5*l(k). List the prime factors of s(-13).
5
Let c be (0 - -3)/((-2)/(-38)). Suppose 2*k = 5*o + 99, -3*o + 123 = 3*k - c. What are the prime factors of k?
3, 19
Let m be (-4 +